What is 8477 (base 16) in base 3?
1201111222
Convert 26042 (base 7) to base 3.
100110012
What is -1a4b (base 13) in base 10?
-3950
Convert -3005 (base 7) to base 9.
-1368
21203 (base 4) to base 7
1532
Convert -99a3 (base 13) to base 6.
-243111
4437 (base 12) to base 6
54511
What is 5702 (base 8) in base 4?
233002
What is 383 (base 13) in base 8?
1146
What is -52eb (base 15) in base 16?
-448a
What is -671 (base 9) in base 4?
-20212
What is -4354 (base 6) in base 4?
-33232
What is -30300 (base 4) in base 13?
-4aa
What is 2456 (base 7) in base 6?
4135
What is 12021 (base 4) in base 12?
289
Convert -1010101 (base 2) to base 14.
-61
-17565 (base 9) to base 4
-2331200
Convert 776 (base 14) to base 2.
10111000100
What is 23222 (base 6) in base 3?
11120012
10432 (base 5) to base 9
1014
What is -ce (base 16) in base 6?
-542
What is -10135 (base 6) in base 3?
-1212012
What is -11010110 (base 2) in base 14?
-114
What is -33c0 (base 16) in base 15?
-3dd3
What is -121021020 (base 3) in base 10?
-11859
-220432 (base 6) to base 14
-695a
b004 (base 14) to base 7
154004
aa (base 11) to base 15
80
Convert 22201 (base 7) to base 12.
3297
What is 2251 (base 7) in base 10?
820
What is -5f (base 16) in base 3?
-10112
606 (base 11) to base 4
23130
Convert 3859 (base 16) to base 5.
430200
What is 25 (base 10) in base 6?
41
What is -1020200 (base 4) in base 15?
-1595
Convert 4cc (base 14) to base 13.
592
-121302 (base 4) to base 11
-1270
What is -167 (base 12) in base 10?
-223
What is -631a (base 14) in base 5?
-1021301
-23873 (base 12) to base 11
-32a91
What is -137 (base 13) in base 12?
-15b
What is -164140 (base 8) in base 9?
-100537
What is 21033 (base 7) in base 14?
1c53
Convert 56561 (base 7) to base 3.
201200112
1c901 (base 15) to base 7
535402
What is -12313 (base 4) in base 12?
-307
-584 (base 10) to base 5
-4314
21203 (base 4) to base 6
2455
What is -54055 (base 7) in base 3?
-200101221
8453 (base 11) to base 10
11190
21111 (base 9) to base 14
511c
Convert -101202120 (base 3) to base 12.
-4659
Convert -548b (base 13) to base 6.
-130304
Convert -2110 (base 4) to base 3.
-12111
What is -206 (base 15) in base 14?
-248
-1002232 (base 4) to base 5
-114040
Convert 13450 (base 7) to base 15.
1141
What is 2258 (base 11) in base 9?
4056
Convert -146 (base 14) to base 9.
-316
Convert -2d0 (base 16) to base 9.
-880
What is 3313014 (base 5) in base 13?
200a7
-22242 (base 5) to base 13
-93c
122112 (base 3) to base 15
218
-28074 (base 9) to base 2
-100101001001101
Convert -21010102 (base 3) to base 2.
-1010001001011
What is 419 (base 14) in base 3?
1002220
Convert -170 (base 15) to base 5.
-2310
2500 (base 6) to base 8
1144
Convert -142613 (base 8) to base 13.
-1a031
Convert -291 (base 11) to base 15.
-17c
4db (base 14) to base 16
3d1
-30590 (base 13) to base 9
-141762
9d4 (base 16) to base 12
1558
What is -a244 (base 16) in base 4?
-22021010
Convert 1784 (base 10) to base 4.
123320
183 (base 13) to base 8
424
What is -3137 (base 12) in base 9?
-7327
Convert -4ed (base 16) to base 7.
-3451
What is -11012 (base 14) in base 3?
-2002111001
135 (base 15) to base 5
2100
-3260 (base 15) to base 4
-2212221
What is -2760 (base 10) in base 7?
-11022
What is 100000100 (base 2) in base 4?
10010
Convert -109 (base 12) to base 14.
-ad
What is c5 (base 13) in base 16?
a1
What is 582 (base 9) in base 6?
2115
What is 10886 (base 15) in base 2?
1100110101000111
What is 1742 (base 12) in base 11?
2103
What is 33 (base 8) in base 5?
102
Convert -7bf6 (base 16) to base 14.
-b7ca
-2a (base 12) to base 5
-114
Convert -9a63 (base 13) to base 4.
-11100220
Convert 12101 (base 5) to base 15.
401
Convert 32020 (base 5) to base 2.
100001010111
What is -1000011101010 (base 2) in base 3?
-12221101
-2016 (base 10) to base 15
-8e6
Convert 123 (base 16) to base 7.
564
Convert 542224 (base 6) to base 5.
2411314
760 (base 8) to base 14
276
Convert -111143 (base 6) to base 9.
-13740
Convert 122110221 (base 3) to base 2.
11000111000110
Convert -6031 (base 7) to base 13.
-c40
Convert -42425 (base 9) to base 13.
-c9c8
What is 10100000110110 (base 2) in base 8?
24066
What is -423424 (base 5) in base 14?
-5291
Convert 26d1 (base 16) to base 13.
46a5
What is -5381 (base 15) in base 4?
-10110013
Convert 306 (base 15) to base 4.
22221
What is 395a (base 11) in base 7?
21002
What is b919 (base 14) in base 5?
2010341
What is 3030232 (base 4) in base 8?
31456
What is -54454 (base 6) in base 3?
-101022121
Convert -3504 (base 6) to base 2.
-1101000000
What is -101 (base 4) in base 8?
-21
Convert -24018 (base 9) to base 6.
-202155
Convert -105 (base 7) to base 10.
-54
Convert 1340 (base 5) to base 16.
dc
What is 25632 (base 7) in base 16?
1ab2
What is 1345 (base 6) in base 3?
111002
-230 (base 10) to base 6
-1022
Convert 74d6 (base 14) to base 2.
100111011010100
Convert -5a3 (base 14) to base 12.
-797
What is -36c9 (base 15) in base 3?
-121000000
Convert -340e (base 15) to base 8.
-25437
What is 44513 (base 6) in base 12?
3739
-13647 (base 10) to base 4
-3111033
-8982 (base 11) to base 15
-3787
-32101 (base 4) to base 6
-4121
What is -10431 (base 5) in base 2?
-1011100101
49a (base 15) to base 8
2025
1873 (base 12) to base 7
11436
Convert 1455 (base 13) to base 9.
4030
-23707 (base 8) to base 3
-111222011
-3520 (base 10) to base 5
-103040
What is -5565 (base 16) in base 13?
-9c48
-121010001 (base 3) to base 13
-5467
225 (base 9) to base 8
271
-3a6 (base 12) to base 15
-273
What is 112121 (base 3) in base 12?
28a
What is -2104101 (base 5) in base 13?
-12b69
What is 1a93 (base 11) in base 5?
41033
Convert -4232 (base 7) to base 5.
-21433
What is 1171 (base 8) in base 5?
10013
-13030 (base 4) to base 16
-1cc
What is -15455 (base 6) in base 9?
-3448
What is -5a1 (base 11) in base 14?
-392
1080 (base 10) to base 15
4c0
What is 1220 (base 4) in base 15?
6e
What is 3055 (base 7) in base 14?
565
What is 78a2 (base 16) in base 14?
b37c
What is -10043 (base 6) in base 9?
-1730
Convert -c34b (base 14) to base 3.
-1201001211
What is -52 (base 15) in base 6?
-205
What is 2126 (base 7) in base 6?
3255
Convert 11100110101111 (base 2) to base 8.
34657
Convert -3239 (base 15) to base 10.
-10629
1001011101 (base 2) to base 8
1135
-7315 (base 11) to base 12
-5740
What is 32072 (base 10) in base 12?
16688
What is -1320030 (base 4) in base 11?
-5863
-1032 (base 8) to base 13
-325
What is -4078 (base 9) in base 6?
-21455
5203 (base 6) to base 5
14110
What is -10303 (base 5) in base 8?
-1277
What is -56013 (base 9) in base 12?
-19633
Convert -2d46 (base 16) to base 5.
-332330
What is -538 (base 13) in base 9?
-1201
Convert -535 (base 10) to base 5.
-4120
Convert -1110001110011 (base 2) to base 11.
-5521
-10013 (base 4) to base 13
-173
What is -4c47 (base 15) in base 10?
-16267
What is -1978 (base 11) in base 13?
-11a9
Convert 493 (base 10) to base 15.
22d
2107 (base 8) to base 10
1095
-662 (base 9) to base 12
-392
What is -330 (base 10) in base 16?
-14a
What is d29 (base 16) in base 9?
4553
What is 1001110100001 (base 2) in base 14?
1b8d
Convert -100000101011110 (base 2) to base 5.
-1013414
1909 (base 10) to base 14
9a5
114314 (base 5) to base 3
12221112
What is -1671 (base 8) in base 15?
-438
34426 (base 8) to base 16
3916
Convert 2463 (base 8) to base 6.
10055
What is -53b (base 16) in base 14?
-6b9
2400 (base 5) to base 14
1b0
What is -31303 (base 6) in base 14?
-1771
-4dab (base 15) to base 7
-66233
What is -8979 (base 12) in base 8?
-35555
Convert -b3 (base 15) to base 7.
-330
Convert 10111 (base 2) to base 12.
1b
What is -45a9 (base 12) in base 7?
-31425
What is -43131 (base 6) in base 9?
-8061
Convert -10110011101011 (base 2) to base 4.
-2303223
2457 (base 15) to base 5
221412
-100010110010011 (base 2) to base 6
-214243
-1dac (base 14) to base 4
-1111010
Convert -22232 (base 5) to base 14.
-7dd
-110 (base 9) to base 13
-6c
What is 40 (base 6) in base 15?
19
Convert 1dd5 (base 16) to base 2.
1110111010101
-45356 (base 7) to base 14
-429d
Convert -37376 (base 10) to base 14.
-d89a
Convert 11201100 (base 3) to base 11.
2646
9348 (base 10) to base 11
7029
433 (base 12) to base 11
50a
-483 (base 11) to base 13
-353
Convert -1001011010100110 (base 2) to base 4.
-21122212
Convert -7ac4 (base 14) to base 12.
-10424
Convert -10001101111 (ba